{"id":432,"date":"2025-09-29T12:43:55","date_gmt":"2025-09-29T15:43:55","guid":{"rendered":"https:\/\/federacaodown.org.br\/?page_id=432"},"modified":"2025-10-09T14:34:43","modified_gmt":"2025-10-09T17:34:43","slug":"associa-se","status":"publish","type":"page","link":"https:\/\/federacaodown.org.br\/index.php\/associa-se\/","title":{"rendered":"Associa-se"},"content":{"rendered":"\t\t<div data-elementor-type=\"wp-page\" data-elementor-id=\"432\" class=\"elementor elementor-432\" data-elementor-post-type=\"page\">\n\t\t\t\t<div class=\"elementor-element elementor-element-4e5cd4d7 e-flex e-con-boxed e-con e-parent\" data-id=\"4e5cd4d7\" data-element_type=\"container\" data-settings=\"{&quot;background_background&quot;:&quot;classic&quot;,&quot;background_motion_fx_motion_fx_scrolling&quot;:&quot;yes&quot;,&quot;background_motion_fx_translateY_effect&quot;:&quot;yes&quot;,&quot;background_motion_fx_translateY_speed&quot;:{&quot;unit&quot;:&quot;px&quot;,&quot;size&quot;:3,&quot;sizes&quot;:[]},&quot;background_motion_fx_translateY_affectedRange&quot;:{&quot;unit&quot;:&quot;%&quot;,&quot;size&quot;:&quot;&quot;,&quot;sizes&quot;:{&quot;start&quot;:0,&quot;end&quot;:100}},&quot;background_motion_fx_devices&quot;:[&quot;desktop&quot;,&quot;tablet&quot;,&quot;mobile&quot;]}\">\n\t\t\t\t\t<div class=\"e-con-inner\">\n\t\t\t\t<div class=\"elementor-element elementor-element-29ceaade elementor-invisible elementor-widget elementor-widget-heading\" data-id=\"29ceaade\" data-element_type=\"widget\" data-settings=\"{&quot;_animation&quot;:&quot;slideInUp&quot;}\" data-widget_type=\"heading.default\">\n\t\t\t\t\t<h1 class=\"elementor-heading-title elementor-size-default\">Associe-se<\/h1>\t\t\t\t<\/div>\n\t\t\t\t\t<\/div>\n\t\t\t\t<\/div>\n\t\t<div class=\"elementor-element elementor-element-206b4ca6 e-flex e-con-boxed e-con e-parent\" data-id=\"206b4ca6\" data-element_type=\"container\" data-settings=\"{&quot;background_background&quot;:&quot;classic&quot;}\">\n\t\t\t\t\t<div class=\"e-con-inner\">\n\t\t<div class=\"elementor-element elementor-element-3240a8f3 e-con-full e-flex e-con e-child\" data-id=\"3240a8f3\" data-element_type=\"container\">\n\t\t\t\t<div class=\"elementor-element elementor-element-220f4424 elementor-widget elementor-widget-image\" data-id=\"220f4424\" data-element_type=\"widget\" data-widget_type=\"image.default\">\n\t\t\t\t\t\t\t\t\t\t\t\t\t\t\t<img fetchpriority=\"high\" decoding=\"async\" width=\"827\" height=\"760\" src=\"https:\/\/federacaodown.org.br\/wp-content\/uploads\/2025\/09\/aa.avif\" class=\"attachment-full size-full wp-image-53\" alt=\"\" \/>\t\t\t\t\t\t\t\t\t\t\t\t\t\t\t<\/div>\n\t\t\t\t<\/div>\n\t\t<div class=\"elementor-element elementor-element-29351c6a e-con-full e-flex e-con e-child\" data-id=\"29351c6a\" data-element_type=\"container\">\n\t\t\t\t<div class=\"elementor-element elementor-element-2ee66fb5 elementor-invisible elementor-widget elementor-widget-elementskit-heading\" data-id=\"2ee66fb5\" data-element_type=\"widget\" data-settings=\"{&quot;_animation&quot;:&quot;slideInUp&quot;,&quot;_animation_delay&quot;:300}\" data-widget_type=\"elementskit-heading.default\">\n\t\t\t\t\t<div class=\"ekit-wid-con\" ><div class=\"ekit-heading elementskit-section-title-wraper text_left   ekit_heading_tablet-   ekit_heading_mobile-text_center\"><h2 class=\"ekit-heading--title elementskit-section-title \">Fa\u00e7a parte deste movimento! <span><span>Associe-se<\/span><\/span> <\/h2><\/div><\/div>\t\t\t\t<\/div>\n\t\t\t\t<div class=\"elementor-element elementor-element-4a144bf4 elementor-widget elementor-widget-text-editor\" data-id=\"4a144bf4\" data-element_type=\"widget\" data-widget_type=\"text-editor.default\">\n\t\t\t\t\t\t\t\t\t<ul><li data-start=\"287\" data-end=\"474\"><p data-start=\"289\" data-end=\"474\">A FBASD agrega associa\u00e7\u00f5es, funda\u00e7\u00f5es e movimentos sociais (pessoas jur\u00eddicas) que atuam em defesa dos direitos das pessoas com s\u00edndrome de Down.\u00a0<\/p><\/li><li data-start=\"475\" data-end=\"621\"><p data-start=\"477\" data-end=\"621\">Ela atua nos \u00e2mbitos da sa\u00fade, educa\u00e7\u00e3o, assist\u00eancia social, cultura, mercado de trabalho, entre outros.\u00a0<\/p><\/li><li data-start=\"622\" data-end=\"769\"><p data-start=\"624\" data-end=\"769\">Tamb\u00e9m participa da constru\u00e7\u00e3o de pol\u00edticas p\u00fablicas, lutas legislativas e representa\u00e7\u00f5es institucionais.<\/p><\/li><\/ul>\t\t\t\t\t\t\t\t<\/div>\n\t\t\t\t<div class=\"elementor-element elementor-element-311b5679 elementor-view-stacked elementor-position-left elementor-shape-circle elementor-mobile-position-top elementor-widget elementor-widget-icon-box\" data-id=\"311b5679\" data-element_type=\"widget\" data-widget_type=\"icon-box.default\">\n\t\t\t\t\t\t\t<div class=\"elementor-icon-box-wrapper\">\n\n\t\t\t\t\t\t<div class=\"elementor-icon-box-icon\">\n\t\t\t\t<span  class=\"elementor-icon\">\n\t\t\t\t<svg aria-hidden=\"true\" class=\"e-font-icon-svg e-fas-check\" viewBox=\"0 0 512 512\" xmlns=\"http:\/\/www.w3.org\/2000\/svg\"><path d=\"M173.898 439.404l-166.4-166.4c-9.997-9.997-9.997-26.206 0-36.204l36.203-36.204c9.997-9.998 26.207-9.998 36.204 0L192 312.69 432.095 72.596c9.997-9.997 26.207-9.997 36.204 0l36.203 36.204c9.997 9.997 9.997 26.206 0 36.204l-294.4 294.401c-9.998 9.997-26.207 9.997-36.204-.001z\"><\/path><\/svg>\t\t\t\t<\/span>\n\t\t\t<\/div>\n\t\t\t\n\t\t\t\t\t\t<div class=\"elementor-icon-box-content\">\n\n\t\t\t\t\t\t\t\t\t<h4 class=\"elementor-icon-box-title\">\n\t\t\t\t\t\t<span  >\n\t\t\t\t\t\t\tDocumento de como se filiar\t\t\t\t\t\t<\/span>\n\t\t\t\t\t<\/h4>\n\t\t\t\t\n\t\t\t\t\t\t\t\t\t<p class=\"elementor-icon-box-description\">\n\t\t\t\t\t\tBaixar no link abaixo.\t\t\t\t\t<\/p>\n\t\t\t\t\n\t\t\t<\/div>\n\t\t\t\n\t\t<\/div>\n\t\t\t\t\t\t<\/div>\n\t\t\t\t<div class=\"elementor-element elementor-element-ae3ab2b elementor-widget__width-initial elementor-mobile-align-center elementor-widget-mobile__width-inherit elementor-align-right elementor-widget elementor-widget-button\" data-id=\"ae3ab2b\" data-element_type=\"widget\" data-widget_type=\"button.default\">\n\t\t\t\t\t\t\t\t\t\t<a class=\"elementor-button elementor-button-link elementor-size-sm\" href=\"https:\/\/drive.google.com\/file\/d\/1tR6iktJN9s_adVq4hA8nux6W-FbnC-UY\/view?usp=drive_link\">\n\t\t\t\t\t\t<span class=\"elementor-button-content-wrapper\">\n\t\t\t\t\t\t<span class=\"elementor-button-icon\">\n\t\t\t\t<svg aria-hidden=\"true\" class=\"e-font-icon-svg e-fas-chevron-circle-right\" viewBox=\"0 0 512 512\" xmlns=\"http:\/\/www.w3.org\/2000\/svg\"><path d=\"M256 8c137 0 248 111 248 248S393 504 256 504 8 393 8 256 119 8 256 8zm113.9 231L234.4 103.5c-9.4-9.4-24.6-9.4-33.9 0l-17 17c-9.4 9.4-9.4 24.6 0 33.9L285.1 256 183.5 357.6c-9.4 9.4-9.4 24.6 0 33.9l17 17c9.4 9.4 24.6 9.4 33.9 0L369.9 273c9.4-9.4 9.4-24.6 0-34z\"><\/path><\/svg>\t\t\t<\/span>\n\t\t\t\t\t\t\t\t\t<span class=\"elementor-button-text\">Documento<\/span>\n\t\t\t\t\t<\/span>\n\t\t\t\t\t<\/a>\n\t\t\t\t\t\t\t\t<\/div>\n\t\t\t\t<\/div>\n\t\t\t\t\t<\/div>\n\t\t\t\t<\/div>\n\t\t<div class=\"elementor-element elementor-element-7502bbc e-flex e-con-boxed e-con e-parent\" data-id=\"7502bbc\" data-element_type=\"container\" data-settings=\"{&quot;background_background&quot;:&quot;classic&quot;}\">\n\t\t\t\t\t<div class=\"e-con-inner\">\n\t\t<div class=\"elementor-element elementor-element-fc68d6d e-con-full e-flex e-con e-child\" data-id=\"fc68d6d\" data-element_type=\"container\">\n\t\t\t\t<div class=\"elementor-element elementor-element-6d2c9eb elementor-invisible elementor-widget elementor-widget-elementskit-heading\" data-id=\"6d2c9eb\" data-element_type=\"widget\" data-settings=\"{&quot;_animation&quot;:&quot;slideInUp&quot;,&quot;_animation_delay&quot;:300}\" data-widget_type=\"elementskit-heading.default\">\n\t\t\t\t\t<div class=\"ekit-wid-con\" ><div class=\"ekit-heading elementskit-section-title-wraper text_left   ekit_heading_tablet-   ekit_heading_mobile-text_center\"><h2 class=\"ekit-heading--title elementskit-section-title \">Pessoa <span><span>Jur\u00eddica<\/span><\/span> <\/h2><\/div><\/div>\t\t\t\t<\/div>\n\t\t\t\t<div class=\"elementor-element elementor-element-6761b18 elementor-widget elementor-widget-text-editor\" data-id=\"6761b18\" data-element_type=\"widget\" data-widget_type=\"text-editor.default\">\n\t\t\t\t\t\t\t\t\t<p><span dir=\"auto\" style=\"vertical-align: inherit;\"><span dir=\"auto\" style=\"vertical-align: inherit;\"><span dir=\"auto\" style=\"vertical-align: inherit;\"><span dir=\"auto\" style=\"vertical-align: inherit;\"><span dir=\"auto\" style=\"vertical-align: inherit;\"><span dir=\"auto\" style=\"vertical-align: inherit;\"><span dir=\"auto\" style=\"vertical-align: inherit;\"><span dir=\"auto\" style=\"vertical-align: inherit;\"><span dir=\"auto\" style=\"vertical-align: inherit;\"><span dir=\"auto\" style=\"vertical-align: inherit;\"><span dir=\"auto\" style=\"vertical-align: inherit;\"><span dir=\"auto\" style=\"vertical-align: inherit;\">Ser pessoas jur\u00eddica com estatuto registrado em cart\u00f3rio competente;<\/span><\/span><\/span><\/span><\/span><\/span><\/span><\/span><\/span><\/span><\/span><\/span><\/p><p><span dir=\"auto\" style=\"vertical-align: inherit;\"><span dir=\"auto\" style=\"vertical-align: inherit;\"><span dir=\"auto\" style=\"vertical-align: inherit;\"><span dir=\"auto\" style=\"vertical-align: inherit;\"><span dir=\"auto\" style=\"vertical-align: inherit;\"><span dir=\"auto\" style=\"vertical-align: inherit;\"><span dir=\"auto\" style=\"vertical-align: inherit;\"><span dir=\"auto\" style=\"vertical-align: inherit;\"><span dir=\"auto\" style=\"vertical-align: inherit;\"><span dir=\"auto\" style=\"vertical-align: inherit;\"><span dir=\"auto\" style=\"vertical-align: inherit;\"><span dir=\"auto\" style=\"vertical-align: inherit;\">Ter por finalidade a defesa dos direitos das pessoas com defici\u00eancia intelectual;<\/span><\/span><\/span><\/span><\/span><\/span><\/span><\/span><\/span><\/span><\/span><\/span><\/p><p><span dir=\"auto\" style=\"vertical-align: inherit;\"><span dir=\"auto\" style=\"vertical-align: inherit;\"><span dir=\"auto\" style=\"vertical-align: inherit;\"><span dir=\"auto\" style=\"vertical-align: inherit;\"><span dir=\"auto\" style=\"vertical-align: inherit;\"><span dir=\"auto\" style=\"vertical-align: inherit;\"><span dir=\"auto\" style=\"vertical-align: inherit;\"><span dir=\"auto\" style=\"vertical-align: inherit;\"><span dir=\"auto\" style=\"vertical-align: inherit;\"><span dir=\"auto\" style=\"vertical-align: inherit;\"><span dir=\"auto\" style=\"vertical-align: inherit;\"><span dir=\"auto\" style=\"vertical-align: inherit;\">Enviar documentos necess\u00e1rios e preencher formul\u00e1rio abaixo.<\/span><\/span><\/span><\/span><\/span><\/span><\/span><\/span><\/span><\/span><\/span><\/span><\/p>\t\t\t\t\t\t\t\t<\/div>\n\t\t\t\t<div class=\"elementor-element elementor-element-a92c0fe elementor-view-stacked elementor-position-left elementor-shape-circle elementor-mobile-position-top elementor-widget elementor-widget-icon-box\" data-id=\"a92c0fe\" data-element_type=\"widget\" data-widget_type=\"icon-box.default\">\n\t\t\t\t\t\t\t<div class=\"elementor-icon-box-wrapper\">\n\n\t\t\t\t\t\t<div class=\"elementor-icon-box-icon\">\n\t\t\t\t<span  class=\"elementor-icon\">\n\t\t\t\t<svg aria-hidden=\"true\" class=\"e-font-icon-svg e-fas-check\" viewBox=\"0 0 512 512\" xmlns=\"http:\/\/www.w3.org\/2000\/svg\"><path d=\"M173.898 439.404l-166.4-166.4c-9.997-9.997-9.997-26.206 0-36.204l36.203-36.204c9.997-9.998 26.207-9.998 36.204 0L192 312.69 432.095 72.596c9.997-9.997 26.207-9.997 36.204 0l36.203 36.204c9.997 9.997 9.997 26.206 0 36.204l-294.4 294.401c-9.998 9.997-26.207 9.997-36.204-.001z\"><\/path><\/svg>\t\t\t\t<\/span>\n\t\t\t<\/div>\n\t\t\t\n\t\t\t\t\t\t<div class=\"elementor-icon-box-content\">\n\n\t\t\t\t\t\t\t\t\t<h4 class=\"elementor-icon-box-title\">\n\t\t\t\t\t\t<span  >\n\t\t\t\t\t\t\tDocumentos necess\u00e1rios:\t\t\t\t\t\t<\/span>\n\t\t\t\t\t<\/h4>\n\t\t\t\t\n\t\t\t\t\t\t\t\t\t<p class=\"elementor-icon-box-description\">\n\t\t\t\t\t\t\u2013 C\u00f3pia do Estatuto da Institui\u00e7\u00e3o registrado em Cart\u00f3rio;\n<\/br>\n\u2013 C\u00f3pia da Ata da Assembleia de elei\u00e7\u00e3o da \u00faltima Diretoria registrada em Cart\u00f3rio;\n<\/br>\n\u2013 C\u00f3pia do CNPJ;<\/br>\n\n\u2013 C\u00f3pia do relat\u00f3rio de atividades;<\/br>\n\nEnviar para :<\/br>federacaodown@federacaodown.org.br<\/br><\/br><\/br>\t\t\t\t\t<\/p>\n\t\t\t\t\n\t\t\t<\/div>\n\t\t\t\n\t\t<\/div>\n\t\t\t\t\t\t<\/div>\n\t\t\t\t<div class=\"elementor-element elementor-element-828c555 elementor-widget__width-initial elementor-mobile-align-center elementor-widget-mobile__width-inherit elementor-align-right elementor-widget elementor-widget-button\" data-id=\"828c555\" data-element_type=\"widget\" data-widget_type=\"button.default\">\n\t\t\t\t\t\t\t\t\t\t<a class=\"elementor-button elementor-button-link elementor-size-sm\" href=\"https:\/\/docs.google.com\/forms\/d\/10GqD4nIeoIJ6iPkDIPOq6RZBzAG7676G-67OlCLN6tc\/edit\">\n\t\t\t\t\t\t<span class=\"elementor-button-content-wrapper\">\n\t\t\t\t\t\t<span class=\"elementor-button-icon\">\n\t\t\t\t<svg aria-hidden=\"true\" class=\"e-font-icon-svg e-fas-chevron-circle-right\" viewBox=\"0 0 512 512\" xmlns=\"http:\/\/www.w3.org\/2000\/svg\"><path d=\"M256 8c137 0 248 111 248 248S393 504 256 504 8 393 8 256 119 8 256 8zm113.9 231L234.4 103.5c-9.4-9.4-24.6-9.4-33.9 0l-17 17c-9.4 9.4-9.4 24.6 0 33.9L285.1 256 183.5 357.6c-9.4 9.4-9.4 24.6 0 33.9l17 17c9.4 9.4 24.6 9.4 33.9 0L369.9 273c9.4-9.4 9.4-24.6 0-34z\"><\/path><\/svg>\t\t\t<\/span>\n\t\t\t\t\t\t\t\t\t<span class=\"elementor-button-text\">Pessoa Jur\u00eddica<\/span>\n\t\t\t\t\t<\/span>\n\t\t\t\t\t<\/a>\n\t\t\t\t\t\t\t\t<\/div>\n\t\t\t\t<\/div>\n\t\t<div class=\"elementor-element elementor-element-42afc59 e-con-full e-flex e-con e-child\" data-id=\"42afc59\" data-element_type=\"container\">\n\t\t\t\t<div class=\"elementor-element elementor-element-69feabe elementor-invisible elementor-widget elementor-widget-elementskit-heading\" data-id=\"69feabe\" data-element_type=\"widget\" data-settings=\"{&quot;_animation&quot;:&quot;slideInUp&quot;,&quot;_animation_delay&quot;:300}\" data-widget_type=\"elementskit-heading.default\">\n\t\t\t\t\t<div class=\"ekit-wid-con\" ><div class=\"ekit-heading elementskit-section-title-wraper text_left   ekit_heading_tablet-   ekit_heading_mobile-text_center\"><h2 class=\"ekit-heading--title elementskit-section-title \">Movimento <span><span>Social<\/span> <\/h2><\/div><\/div>\t\t\t\t<\/div>\n\t\t\t\t<div class=\"elementor-element elementor-element-3614f63 elementor-widget elementor-widget-text-editor\" data-id=\"3614f63\" data-element_type=\"widget\" data-widget_type=\"text-editor.default\">\n\t\t\t\t\t\t\t\t\t<ul class=\"font_8 wixui-rich-text__text\"><li class=\"wixui-rich-text__text\"><p class=\"font_8 wixui-rich-text__text\"><span class=\"wixui-rich-text__text\"><span dir=\"auto\" style=\"vertical-align: inherit;\">Ter mais de dois (2) anos de reconhecimento p\u00fablico;<\/span><\/span><\/p><\/li><li class=\"wixui-rich-text__text\"><p class=\"font_8 wixui-rich-text__text\"><span class=\"wixui-rich-text__text\"><span dir=\"auto\" style=\"vertical-align: inherit;\">Ter por finalidade a defesa dos direitos das pessoas com defici\u00eancia intelectual;<\/span><\/span><\/p><\/li><li class=\"wixui-rich-text__text\"><p class=\"font_8 wixui-rich-text__text\"><span class=\"wixui-rich-text__text\"><span dir=\"auto\" style=\"vertical-align: inherit;\">Enviar documentos necess\u00e1rios e preencher formul\u00e1rio abaixo.<\/span><\/span><\/p><\/li><\/ul>\t\t\t\t\t\t\t\t<\/div>\n\t\t\t\t<div class=\"elementor-element elementor-element-d6b92eb elementor-view-stacked elementor-position-left elementor-shape-circle elementor-mobile-position-top elementor-widget elementor-widget-icon-box\" data-id=\"d6b92eb\" data-element_type=\"widget\" data-widget_type=\"icon-box.default\">\n\t\t\t\t\t\t\t<div class=\"elementor-icon-box-wrapper\">\n\n\t\t\t\t\t\t<div class=\"elementor-icon-box-icon\">\n\t\t\t\t<span  class=\"elementor-icon\">\n\t\t\t\t<svg aria-hidden=\"true\" class=\"e-font-icon-svg e-fas-check\" viewBox=\"0 0 512 512\" xmlns=\"http:\/\/www.w3.org\/2000\/svg\"><path d=\"M173.898 439.404l-166.4-166.4c-9.997-9.997-9.997-26.206 0-36.204l36.203-36.204c9.997-9.998 26.207-9.998 36.204 0L192 312.69 432.095 72.596c9.997-9.997 26.207-9.997 36.204 0l36.203 36.204c9.997 9.997 9.997 26.206 0 36.204l-294.4 294.401c-9.998 9.997-26.207 9.997-36.204-.001z\"><\/path><\/svg>\t\t\t\t<\/span>\n\t\t\t<\/div>\n\t\t\t\n\t\t\t\t\t\t<div class=\"elementor-icon-box-content\">\n\n\t\t\t\t\t\t\t\t\t<h4 class=\"elementor-icon-box-title\">\n\t\t\t\t\t\t<span  >\n\t\t\t\t\t\t\tDocumentos necess\u00e1rios:\t\t\t\t\t\t<\/span>\n\t\t\t\t\t<\/h4>\n\t\t\t\t\n\t\t\t\t\t\t\t\t\t<p class=\"elementor-icon-box-description\">\n\t\t\t\t\t\t\u2013 Comprovante de atua\u00e7\u00e3o p\u00fablica na defesa dos direitos fundamentais das pessoas com s\u00edndrome de Down por mais de dois anos consecutivos e de modo relevante;<\/br>\n\n\u2013 C\u00f3pia de ata de reuni\u00e3o, assinada e registrada em cart\u00f3rio, que comprove a nomea\u00e7\u00e3o do respons\u00e1vel legal do Movimento;\u200b\n<\/br>\n\u2013 C\u00f3pia do RG e CPF do respons\u00e1vel legal e financeiro;<\/br>\n\n\u2013 Requerimento de afilia\u00e7\u00e3o assinado.\u00a0\u200b\u200b\n<\/br>\nEnviar para:<\/br>federacaodown@federacaodown.org.br\u00a0\n\t\t\t\t\t<\/p>\n\t\t\t\t\n\t\t\t<\/div>\n\t\t\t\n\t\t<\/div>\n\t\t\t\t\t\t<\/div>\n\t\t\t\t<div class=\"elementor-element elementor-element-3e4f993 elementor-widget__width-initial elementor-mobile-align-center elementor-widget-mobile__width-inherit elementor-align-right elementor-widget elementor-widget-button\" data-id=\"3e4f993\" data-element_type=\"widget\" data-widget_type=\"button.default\">\n\t\t\t\t\t\t\t\t\t\t<a class=\"elementor-button elementor-button-link elementor-size-sm\" href=\"https:\/\/docs.google.com\/forms\/d\/1ZRTMdaJGoXXYPAN6KErny3RVnDc7JYtuKdU8YpmJHlM\/edit\">\n\t\t\t\t\t\t<span class=\"elementor-button-content-wrapper\">\n\t\t\t\t\t\t<span class=\"elementor-button-icon\">\n\t\t\t\t<svg aria-hidden=\"true\" class=\"e-font-icon-svg e-fas-chevron-circle-right\" viewBox=\"0 0 512 512\" xmlns=\"http:\/\/www.w3.org\/2000\/svg\"><path d=\"M256 8c137 0 248 111 248 248S393 504 256 504 8 393 8 256 119 8 256 8zm113.9 231L234.4 103.5c-9.4-9.4-24.6-9.4-33.9 0l-17 17c-9.4 9.4-9.4 24.6 0 33.9L285.1 256 183.5 357.6c-9.4 9.4-9.4 24.6 0 33.9l17 17c9.4 9.4 24.6 9.4 33.9 0L369.9 273c9.4-9.4 9.4-24.6 0-34z\"><\/path><\/svg>\t\t\t<\/span>\n\t\t\t\t\t\t\t\t\t<span class=\"elementor-button-text\">Movimento Social <\/span>\n\t\t\t\t\t<\/span>\n\t\t\t\t\t<\/a>\n\t\t\t\t\t\t\t\t<\/div>\n\t\t\t\t<\/div>\n\t\t\t\t\t<\/div>\n\t\t\t\t<\/div>\n\t\t<div class=\"elementor-element elementor-element-514177f e-flex e-con-boxed e-con e-parent\" data-id=\"514177f\" data-element_type=\"container\" data-settings=\"{&quot;background_background&quot;:&quot;classic&quot;}\">\n\t\t\t\t\t<div class=\"e-con-inner\">\n\t\t<div class=\"elementor-element elementor-element-6236858 e-con-full e-flex e-con e-child\" data-id=\"6236858\" data-element_type=\"container\">\n\t\t\t\t<div class=\"elementor-element elementor-element-1fdf2c5 elementor-widget elementor-widget-image\" data-id=\"1fdf2c5\" data-element_type=\"widget\" data-widget_type=\"image.default\">\n\t\t\t\t\t\t\t\t\t\t\t\t\t\t\t<img decoding=\"async\" width=\"1080\" height=\"1920\" src=\"https:\/\/federacaodown.org.br\/wp-content\/uploads\/2025\/09\/Story-do-Instagram-dia-mundial-do-Meio-Ambiente-moderno-verde.png\" class=\"attachment-full size-full wp-image-51\" alt=\"\" srcset=\"https:\/\/federacaodown.org.br\/wp-content\/uploads\/2025\/09\/Story-do-Instagram-dia-mundial-do-Meio-Ambiente-moderno-verde.png 1080w, https:\/\/federacaodown.org.br\/wp-content\/uploads\/2025\/09\/Story-do-Instagram-dia-mundial-do-Meio-Ambiente-moderno-verde-169x300.png 169w, https:\/\/federacaodown.org.br\/wp-content\/uploads\/2025\/09\/Story-do-Instagram-dia-mundial-do-Meio-Ambiente-moderno-verde-576x1024.png 576w, https:\/\/federacaodown.org.br\/wp-content\/uploads\/2025\/09\/Story-do-Instagram-dia-mundial-do-Meio-Ambiente-moderno-verde-768x1365.png 768w, https:\/\/federacaodown.org.br\/wp-content\/uploads\/2025\/09\/Story-do-Instagram-dia-mundial-do-Meio-Ambiente-moderno-verde-864x1536.png 864w\" sizes=\"(max-width: 1080px) 100vw, 1080px\" \/>\t\t\t\t\t\t\t\t\t\t\t\t\t\t\t<\/div>\n\t\t\t\t<\/div>\n\t\t<div class=\"elementor-element elementor-element-abd30fa e-con-full e-flex e-con e-child\" data-id=\"abd30fa\" data-element_type=\"container\">\n\t\t\t\t<div class=\"elementor-element elementor-element-1a25315 elementor-invisible elementor-widget elementor-widget-elementskit-heading\" data-id=\"1a25315\" data-element_type=\"widget\" data-settings=\"{&quot;_animation&quot;:&quot;slideInUp&quot;,&quot;_animation_delay&quot;:300}\" data-widget_type=\"elementskit-heading.default\">\n\t\t\t\t\t<div class=\"ekit-wid-con\" ><div class=\"ekit-heading elementskit-section-title-wraper text_left   ekit_heading_tablet-   ekit_heading_mobile-text_center\"><h2 class=\"ekit-heading--title elementskit-section-title \">Algumas <span><span>Observa\u00e7\u00f5es<\/span><\/span> <\/h2><\/div><\/div>\t\t\t\t<\/div>\n\t\t\t\t<div class=\"elementor-element elementor-element-17df534 elementor-widget elementor-widget-text-editor\" data-id=\"17df534\" data-element_type=\"widget\" data-widget_type=\"text-editor.default\">\n\t\t\t\t\t\t\t\t\t<ul><li data-start=\"287\" data-end=\"474\"><p class=\"font_8 wixui-rich-text__text\"><span class=\"wixui-rich-text__text\">Ao preencher o formul\u00e1rio fica reconhecido a Declara\u00e7\u00e3o de aceita\u00e7\u00e3o do Estatuto Social da Federa\u00e7\u00e3o Down, expressa nos seguintes termos: Declaro que li e estou de acordo com o\u00a0<a class=\"wixui-rich-text__text\" href=\"http:\/\/federacaodown.org.br\/index.php\/estatuto\/\" target=\"_blank\" rel=\"noreferrer noopener\">Estatuto<\/a>\u00a0da Federa\u00e7\u00e3o Brasileira das Associa\u00e7\u00f5es de S\u00edndrome de Down e de seus princ\u00edpios basilares, especialmente os relativos \u00e0: \u00a0<\/span><\/p><p class=\"font_8 wixui-rich-text__text\"><span class=\"wixui-rich-text__text\">1. Defesa do cumprimento da Conven\u00e7\u00e3o sobre os Direitos das pessoas com Defici\u00eancia (ONU);<\/span><\/p><p class=\"font_8 wixui-rich-text__text\"><span class=\"wixui-rich-text__text\">2. Defesa da Educa\u00e7\u00e3o Inclusiva e da garantia de condi\u00e7\u00f5es de igualdade para o acesso e a perman\u00eancia do\/a aluno\/a com defici\u00eancia na escola, bem como da garantia do AEE \u2013 Atendimento Educacional Especializado no contraturno, conforme preconizado pela atual pol\u00edtica do MEC, n\u00e3o se admitindo a escolariza\u00e7\u00e3o em classe ou escola especial;<\/span><\/p><p class=\"font_8 wixui-rich-text__text\"><span class=\"wixui-rich-text__text\">3. Defesa e atua\u00e7\u00e3o em prol de desenvolvimento da autonomia da pessoa com s\u00edndrome de Down em seus mais amplos termos; \u00a0<\/span><\/p><p class=\"font_8 wixui-rich-text__text\"><span class=\"wixui-rich-text__text\">4. Defesa e atua\u00e7\u00e3o em favor da inclus\u00e3o da pessoa com s\u00edndrome de Down no mercado de trabalho formal; \u00a0<\/span><\/p><p class=\"font_8 wixui-rich-text__text\"><span class=\"wixui-rich-text__text\">5. Inser\u00e7\u00e3o, em seus documentos institucionais externos e em todos os seus meios de comunica\u00e7\u00e3o virtual, da informa\u00e7\u00e3o de que \u00e9 filiada FBASD. O valor da contribui\u00e7\u00e3o mensal \u00e9 de R$180,00 (cento e oitenta reais), via boleto banc\u00e1rio. Mais detalhes poder\u00e3o ser informados na confirma\u00e7\u00e3o de cadastro. Participe, enviando not\u00edcias e informa\u00e7\u00f5es que gostariam que fossem divulgadas!<\/span><\/p><p class=\"font_8 wixui-rich-text__text\"><span class=\"wixui-rich-text__text\">Protagonismo e autonomia \u00e9 nisso que acreditamos!<\/span><\/p><\/li><\/ul>\t\t\t\t\t\t\t\t<\/div>\n\t\t\t\t<\/div>\n\t\t\t\t\t<\/div>\n\t\t\t\t<\/div>\n\t\t\t\t<\/div>\n\t\t","protected":false},"excerpt":{"rendered":"<p>Associe-se Fa\u00e7a parte deste movimento! Associe-se A FBASD agrega associa\u00e7\u00f5es, funda\u00e7\u00f5es e movimentos sociais (pessoas jur\u00eddicas) que atuam em defesa dos direitos das pessoas com s\u00edndrome de Down.\u00a0 Ela atua nos \u00e2mbitos da sa\u00fade, educa\u00e7\u00e3o, assist\u00eancia social, cultura, mercado de trabalho, entre outros.\u00a0 Tamb\u00e9m participa da constru\u00e7\u00e3o de pol\u00edticas p\u00fablicas, lutas legislativas e representa\u00e7\u00f5es institucionais. [&hellip;]<\/p>\n","protected":false},"author":1,"featured_media":0,"parent":0,"menu_order":0,"comment_status":"closed","ping_status":"closed","template":"","meta":{"_joinchat":[],"footnotes":""},"class_list":["post-432","page","type-page","status-publish","hentry"],"_links":{"self":[{"href":"https:\/\/federacaodown.org.br\/index.php\/wp-json\/wp\/v2\/pages\/432","targetHints":{"allow":["GET"]}}],"collection":[{"href":"https:\/\/federacaodown.org.br\/index.php\/wp-json\/wp\/v2\/pages"}],"about":[{"href":"https:\/\/federacaodown.org.br\/index.php\/wp-json\/wp\/v2\/types\/page"}],"author":[{"embeddable":true,"href":"https:\/\/federacaodown.org.br\/index.php\/wp-json\/wp\/v2\/users\/1"}],"replies":[{"embeddable":true,"href":"https:\/\/federacaodown.org.br\/index.php\/wp-json\/wp\/v2\/comments?post=432"}],"version-history":[{"count":43,"href":"https:\/\/federacaodown.org.br\/index.php\/wp-json\/wp\/v2\/pages\/432\/revisions"}],"predecessor-version":[{"id":774,"href":"https:\/\/federacaodown.org.br\/index.php\/wp-json\/wp\/v2\/pages\/432\/revisions\/774"}],"wp:attachment":[{"href":"https:\/\/federacaodown.org.br\/index.php\/wp-json\/wp\/v2\/media?parent=432"}],"curies":[{"name":"wp","href":"https:\/\/api.w.org\/{rel}","templated":true}]}}